**3 + 2 - 4*x**3 - 2*x. Calculate c(-1).
4
Let j(g) = -8*g - 52. Let z be j(-8). Let m(p) = -2*p + 24. Calculate m(z).
0
Let c(p) = p**2 - 8*p + 5. Let y be c(8). Let b(h) be the second derivative of h**5/20 - h**4/3 - h**3 + 3*h**2/2 - 10*h. Give b(y).
-2
Suppose 0 = -4*l - 16, -3*l + 7*l + 19 = z. Suppose v - z*v - 6 = 0. Let x(h) = -162*h**2 + 0*h + h - h**3 + 159*h**2. Determine x(v).
-3
Let x(u) = 3*u + 282 + 2*u**2 - 3*u**3 - 282 - 4*u. Suppose 5*b + 23 = -2*r, 10 + 1 = -4*r - 3*b. Give x(r).
-2
Suppose 20 = -6*o + 10*o. Suppose 3*m - o*s = 29, 3*m = -4*s - 0*s - 7. Let q(p) = -p + 3. Calculate q(m).
0
Let a(i) = i - 1. Let q(z) = -2*z - 22. Let y(g) = g + 11. Let p(n) = 3*q(n) + 5*y(n). Let f be p(-11). Suppose 3*w + w + 20 = f. Give a(w).
-6
Let u(r) = -6*r + 3. Let g = 219 + -217. Determine u(g).
-9
Let f(n) = n + 5. Let y(p) = -25*p + 380. Let o be y(15). Calculate f(o).
10
Let o(p) = -p. Let c(d) = -4*d + 17. Let k(z) = -c(z) + 3*o(z). Determine k(8).
-9
Let m(p) = -15*p - 7. Let u be m(-1). Let x(r) = r**2 - 9*r + 10. Determine x(u).
2
Let x(t) = t**2 - t - 2. Let m = 140 + -103. Suppose 0 = -31*q + m*q. Determine x(q).
-2
Let s be 5/((-15)/(-2)) + 23/(-3). Let r(i) = -i**3 - 7*i**2 - i - 8. Calculate r(s).
-1
Suppose -g + 5*g - n = 9, -g + 7 = -5*n. Suppose 0 = -a - o + 3, -g*a = 4*o + 2 - 4. Let j(t) = -t**2 + 5*t + 7. Give j(a).
7
Suppose -3 = -h + 5*b + 4, 5*h + 5*b - 5 = 0. Suppose 25 = -5*j - 4*w, -4*w - 9 = -j - h*w. Let k be (-38)/6 + j/(-3). Let q(d) = 2*d + 5. Give q(k).
-7
Suppose -4*k = -d + 8, -2*d + 2*k - 3*k - 2 = 0. Suppose w - 1 = -d. Let b(q) = -3 - 7 - q + 2*q - w. What is b(5)?
-6
Let j(n) be the first derivative of -n**4/4 + 2*n**3 + 9*n**2/2 - 3*n - 377. Give j(7).
11
Let q(u) = 2*u. Let m be 10/(-2) + 11 + 3. Let g = -5 - -7. Suppose k + 5*w - 17 = 5*k, g*k - 3*w + m = 0. Give q(k).
-6
Let m(h) = h**3 + 5*h**2 + 2. Suppose -20 = u + 3*u. Let o be m(u). Suppose 0 = o*l + 2 + 8. Let y(j) = -j**2 - 4*j + 7. What is y(l)?
2
Let w(m) = -m**3 + 10*m**2 - 16*m - 4. Let r be w(8). Let x be -1 + (-12)/24*(r - 0). Let b(c) = -9*c**2 - c + 1. Give b(x).
-9
Suppose 0 = -2*q + 17 - 21. Let r(t) = 11*t**2 + 11*t - 11. Let s(x) = 7*x**2 + 7*x - 7. Let p(o) = 5*r(o) - 8*s(o). Give p(q).
-1
Suppose 18 + 10 = -4*f. Let z(v) = 4*v**2 - 12*v + 4. Let u(m) = -m**2 + m + 1. Let g(x) = -5*u(x) - z(x). What is g(f)?
-9
Let s(l) = -l - 7. Suppose -137 = d - 134. Give s(d).
-4
Let q be 28/(-21)*105/(-28). Let w(s) = -s**3 + 4*s**2 + 7*s - 2. Give w(q).
8
Let m(p) = 4*p - 278 - 3*p - 271 + 815 - 277. Give m(13).
2
Let s(h) = -2*h**3 - 5*h**2 + 5*h + 7. Let n be s(-2). Let j(l) = l**3 + 7*l**2 + 5*l + 4. Calculate j(n).
-31
Let d(j) = -j**2 + 13*j + 2. Let u be d(13). Let i(r) = -3*r**3 - 27 + 4*r + 2*r**3 - 5*r**u + 22. What is i(-6)?
7
Suppose 9*l + 518 = 16*l. Let p(u) = -4*u + 5*u - 67 + l. Give p(-9).
-2
Let q(w) = -6*w - 68. Let v be q(-13). Let g(m) = -m**3 + 9*m**2 + 11*m - 18. Calculate g(v).
-8
Let v(f) = f**3 + 2*f**2 + f. Let a(q) = 5*q**3 - q**2 + 1. Let g be a(1). Suppose 0 = -g*i + i - 8. What is v(i)?
-2
Let t = 3606 - 3601. Let p(u) = -16*u + 26. Let k(s) = 3*s - 5. Let o(h) = -11*k(h) - 2*p(h). Let r(z) = z - 4. Let n(g) = 5*o(g) + 4*r(g). What is n(t)?
-6
Let o(j) = j**3 - 6*j**2 - 6*j. Suppose 6*q = -4*r + 4*q + 38, -5 = -q. What is o(r)?
7
Let b(t) = 18 - 41 + 2*t + 27. Calculate b(2).
8
Suppose 0 = n - 3. Let v(p) = 15*p - 11*p**2 + 1 - 5*p + 4*p**3 - n*p**3 + 0*p**3. Let w be v(10). Let s(q) = q**3 - 2*q**2. Give s(w).
-1
Let p(q) = q**3 + 13*q**2 + 4. Let j be p(-13). Let g = j + 20. Suppose g = -r - 3*r. Let v(h) = h**3 + 5*h**2 - 5*h. Give v(r).
-6
Let n(b) = 2*b**2 - 7*b + 2. Let q(c) = 2*c**2 - 5*c + 2. Let x(d) = -3*n(d) + 4*q(d). Give x(-4).
30
Let n(h) = 21*h**2 - h + 2*h**2 - h - 18*h**2 + h**3 - 1. Give n(-5).
9
Let r(b) = -9 - 59*b + 36*b + 21*b. Suppose 3*f + 48 = m, -6*f - 63 = -2*f - m. Let u = 9 + f. Determine r(u).
3
Let b(i) = i**2 - i - i**3 + 4*i + 2 + 3*i**2. Let f be b(3). Let h(o) = o**2 + f - 23 + 4*o - 3*o**2 - o**3. Determine h(2).
-11
Let n(b) = -b**2 + 4*b - 6. Suppose -29*z + 25*z + 11 = 5*j, -3*z + 7 = 5*j. Calculate n(z).
-6
Let y(c) = 3*c**3 + 10*c**2 + c - 3. Let t(n) = -n**3 - 3*n**2 + 1. Let l be 10/(-4)*4/(-5). Suppose l*q = -4 - 10. Let p(x) = q*t(x) - 2*y(x). Calculate p(-2).
-1
Suppose 5*b - 4*m = -1 - 5, -2*m - 2 = 0. Let f(w) = -5*w + 2. Let a(q) = -q - 1. Let j be 1/3 + (-4)/(-6). Let u(x) = b*a(x) + j*f(x). Give u(3).
-5
Let u(y) be the first derivative of -11*y - 1/2*y**2 + 35. Give u(-12).
1
Let p(d) = 5*d - d + 1 + 0*d**2 + 4*d + d**2. What is p(-8)?
1
Let o(r) = r**2 + 2. Let p(d) = -6*d**2 + d - 16. Let h(u) = -5*o(u) - p(u). Give h(0).
6
Let p = 362 + -364. Let i(m) = 5*m**3 + m**2 - 2*m + 1. What is i(p)?
-31
Let c = -1175 + 1171. Let m(l) = -l - 1. Let t(b) = 1. Let q(w) = -3*m(w) + t(w). Calculate q(c).
-8
Let b(k) = 6 - 6 + k - 1. Let o(z) be the second derivative of z**4/12 + 2*z**3/3 + 3*z**2 + 2*z. Let s be o(-4). Determine b(s).
5
Let o(p) = 7*p - 39. Let f be o(6). Let l(c) = 4 + c**2 + 3*c**2 + 2*c - f*c**2 - 3*c. Give l(3).
10
Let c(q) = -q**2 - 5*q - 2. Let g be 3/(-6) + ((-23)/(-2) - 0). Suppose 3*s - 2 = -g. Calculate c(s).
4
Let a(t) = t**3 - 9*t**2 + 3*t - 22. Suppose -19*s = -1329 + 1158. Calculate a(s).
5
Let c(r) = 4*r**2 - r + 1. Let x be c(1). Let g = 845 + -836. Let d = x - g. Let i(m) = -m**2 - 7*m - 3. Calculate i(d).
7
Let f be (18/4 + -2)/((-11)/(-22)). Suppose 2*n + 2 = 0, -f*l = -4*l - 2*n - 3. Let g(m) = -m**3 - m**2 + 1. Give g(l).
-1
Let x(l) be the third derivative of -l**7/5040 + l**6/90 - l**5/12 + 7*l**2. Let z(u) be the third derivative of x(u). Give z(6).
2
Let a(q) = q**2 - q + 1. Let z be a(0). Let b(r) = -2*r + 4*r - 4*r - z - 8*r. Give b(1).
-11
Let n(b) = -3*b**2 - 16*b - 2. Let k be n(-5). Let i(p) = 2*p**2 + 13*p + 7. Let d(u) = u**2 + 7*u + 4. Let t(f) = -7*d(f) + 4*i(f). Calculate t(k).
18
Suppose 0 = 38*l - 34*l + 148. Let x = l + 28. Let o(a) be the first derivative of -a**4/4 - 8*a**3/3 + 5*a**2 + 6*a + 4. Give o(x).
-3
Let c(g) = 2*g + 3. Let j be (300/(-48))/(1/(-4)). Let a = 20 - j. Determine c(a).
-7
Let x(w) = w**3 + 5*w**2 - 3*w + 27. Let t be x(-5). Let l(y) = 0 - 6*y**2 - 1 - 9*y**2 + 40*y - t*y. What is l(-1)?
-14
Suppose -2*g = -2*c + 2, g - 7 = 5*c - 0*c. Let s(n) = 6*n + 1. What is s(c)?
-11
Let t(w) = 1251 - w**3 + 9*w**2 - 1251. Let c be t(9). Let p(x) be the second derivative of x**4/12 + x**3/6 + 3*x**2 - x. Calculate p(c).
6
Let k(h) = -2*h + 2*h + 5*h + 2 + 11*h. Give k(2).
34
Suppose 0*f = 2*f - 14. Suppose f + 9 = 2*u. Suppose 2*z = -u - 2. Let l(h) = 2*h + 1. Give l(z).
-9
Let z(y) = y**2 - y - 1. Let k(x) = -3*x**3 - 135*x**2 + 2*x + 92. Let o be k(-45). Calculate z(o).
1
Let y be (2/10*0)/(-4). Let q be 1 + y/(-6 + 1). Let i(x) = -8*x**3 - 3*x**2. Let t(o) = o**2. Let u(f) = -i(f) - 3*t(f). Calculate u(q).
8
Let k(l) be the second derivative of -l**4/6 + l**3/2 + 42*l + 2. Let a(j) = j**2 - 2*j + 2. Let i be a(2). Calculate k(i).
-2
Let f = -1290 + 1275. Let q(y) = y**3 + 15*y**2 - 2*y - 3. Calculate q(f).
27
Let d(y) = y**2 + y - 4. Let c(n) = n**3 - 5*n**2 + n - 3. Let x be c(5). Suppose -3*f - x*f + 3*l - 9 = 0, 2*f = -4*l - 14. Give d(f).
2
Let n(q) = q**3 - 7*q**2 - 2*q + 7. Let p(z) = -24*z - 233. Let v be p(-10). What is n(v)?
-7
Let d(u) = -12*u**2 + 12*u - 61 - 70 - u**3 + 114. Determine d(-13).
-4
Let o(q) = -q**2 - 9*q - 9. Suppose -348*i = -340*i + 48. What is o(i)?
9
Suppose 0 = 5*o + p - 38 - 31, 43 = 3*o + p. Let i(l) = -l**2 - o*l + 13*l + 10*l - 2. Calculate i(8).
14
Let q be (1 + (-4)/(-6))/(5/15). Suppose i = q - 1, -b + 21 = 4*i. Let s(l) = -l**3 + 4*l**2 + 4. Calculate s(b).
-21
Let x(c) be the second derivative of -2*c**2 - 1/20*c**5 + 0*c**3 - 7*c + 0 - 1/2*c**4. Calculate x(-6).
-4
Suppose 198 = -33*i - 99. Let r(j) = -10*j - 7. Calculate r(i).
83
Let u(d) = 4*d + 2*d**2 + 25 + 2*d - 28. Let r(c) = 3*c**2 + 7*c - 3. Let a(q) = 3*r(q) - 4*u(q). What is a(2)?
1
Let m be 8/(-5) + (-2)/5. Let c be (-3 + -1 + 5)*0. Let h(v) = 2*v + 2*v + c*v + v. Determine h(m).
-10
Let o(m) = 2664*m - 1339*m + 0 - 1335*m + 1. Calculate o(-4).
41
Let a(m) = -5*m + 1. Let x = -1115 - -1115.